000
-3 (base 8) to base 14
-3
What is 30 (base 12) in base 15?
26
What is 12 (base 3) in base 6?
5
Convert 1 (base 3) to base 16.
1
-35 (base 11) to base 14
-2a
Convert -18 (base 9) to base 7.
-23
What is -22 (base 4) in base 16?
-a
Convert 13 (base 16) to base 5.
34
What is -6 (base 7) in base 2?
-110
Convert 14 (base 8) to base 3.
110
21 (base 8) to base 15
12
Convert 12 (base 3) to base 5.
10
-210 (base 3) to base 13
-18
-221 (base 3) to base 13
-1c
Convert 11 (base 4) to base 12.
5
What is 4 (base 12) in base 16?
4
What is -5 (base 11) in base 15?
-5
Convert -5 (base 16) to base 4.
-11
What is 18 (base 14) in base 10?
22
Convert 2 (base 15) to base 11.
2
What is 80 (base 9) in base 7?
132
What is -143 (base 7) in base 3?
-2222
Convert -2 (base 11) to base 2.
-10
-3 (base 10) to base 5
-3
What is 110 (base 2) in base 16?
6
Convert -1 (base 2) to base 6.
-1
Convert -10111 (base 2) to base 6.
-35
-20 (base 5) to base 9
-11
What is 13 (base 4) in base 16?
7
43 (base 5) to base 3
212
-40 (base 6) to base 15
-19
What is 124 (base 7) in base 11?
61
Convert -2221 (base 3) to base 8.
-117
Convert -7 (base 14) to base 11.
-7
4 (base 9) to base 2
100
Convert -4 (base 7) to base 3.
-11
What is 4a (base 14) in base 5?
231
-3 (base 11) to base 6
-3
Convert 11 (base 16) to base 10.
17
-256 (base 7) to base 13
-a9
What is 3 (base 13) in base 5?
3
Convert -131 (base 5) to base 10.
-41
Convert -20 (base 3) to base 16.
-6
31 (base 4) to base 14
d
2 (base 12) to base 10
2
What is 1101 (base 3) in base 8?
45
Convert -4 (base 10) to base 13.
-4
Convert 1 (base 11) to base 15.
1
Convert -2 (base 3) to base 14.
-2
What is -10 (base 6) in base 11?
-6
What is 3 (base 7) in base 2?
11
What is -14 (base 5) in base 2?
-1001
What is -31 (base 15) in base 12?
-3a
1 (base 9) to base 16
1
10 (base 5) to base 7
5
1003 (base 4) to base 2
1000011
Convert 0 (base 11) to base 7.
0
61 (base 13) to base 11
72
5 (base 11) to base 14
5
What is 6 (base 15) in base 12?
6
-34 (base 15) to base 9
-54
0 (base 2) to base 15
0
Convert 112 (base 11) to base 10.
134
What is -4 (base 8) in base 2?
-100
24 (base 8) to base 2
10100
Convert 8 (base 10) to base 11.
8
What is 6b (base 13) in base 7?
155
10 (base 7) to base 13
7
44 (base 9) to base 5
130
6 (base 8) to base 7
6
Convert -3 (base 13) to base 7.
-3
-6 (base 16) to base 3
-20
110 (base 3) to base 8
14
12 (base 7) to base 6
13
Convert -51 (base 6) to base 12.
-27
Convert 6 (base 14) to base 16.
6
Convert 5 (base 11) to base 2.
101
Convert -1220 (base 3) to base 7.
-102
What is -112 (base 3) in base 6?
-22
4b (base 12) to base 16
3b
Convert 6a (base 11) to base 6.
204
What is 310 (base 4) in base 16?
34
What is 56 (base 9) in base 4?
303
What is 5 (base 16) in base 10?
5
Convert -36 (base 7) to base 15.
-1c
Convert -9 (base 12) to base 5.
-14
Convert -6 (base 8) to base 15.
-6
What is -a (base 14) in base 9?
-11
What is -2 (base 3) in base 14?
-2
What is -7 (base 8) in base 6?
-11
Convert 1404 (base 6) to base 13.
220
1 (base 12) to base 7
1
Convert 217 (base 10) to base 5.
1332
What is 0 (base 9) in base 12?
0
What is 3010 (base 4) in base 10?
196
What is -3 (base 5) in base 11?
-3
Convert -10101 (base 3) to base 11.
-83
What is b (base 16) in base 9?
12
Convert aa (base 13) to base 16.
8c
Convert -100011001 (base 2) to base 4.
-10121
-19 (base 10) to base 16
-13
What is 20 (base 4) in base 12?
8
Convert -97 (base 14) to base 3.
-11221
Convert -3 (base 15) to base 2.
-11
What is 7 (base 11) in base 4?
13
Convert -5 (base 16) to base 3.
-12
Convert -6 (base 13) to base 10.
-6
-15 (base 6) to base 5
-21
What is 18 (base 15) in base 6?
35
What is 22 (base 5) in base 7?
15
Convert 3c (base 14) to base 6.
130
-8 (base 15) to base 3
-22
What is 2 (base 6) in base 13?
2
-28 (base 9) to base 8
-32
-231 (base 5) to base 8
-102
-18c (base 13) to base 8
-435
-412 (base 6) to base 11
-129
13 (base 4) to base 5
12
What is 11 (base 6) in base 8?
7
What is 13 (base 15) in base 3?
200
Convert -1 (base 16) to base 3.
-1
What is -1 (base 15) in base 13?
-1
Convert 6 (base 12) to base 16.
6
-3b (base 12) to base 13
-38
Convert -192 (base 10) to base 14.
-da
What is 21 (base 10) in base 6?
33
Convert 44 (base 16) to base 4.
1010
-190 (base 10) to base 4
-2332
2 (base 14) to base 15
2
-2a (base 13) to base 4
-210
What is -3 (base 13) in base 5?
-3
Convert 1 (base 12) to base 2.
1
Convert 3 (base 14) to base 10.
3
Convert -9a (base 13) to base 16.
-7f
What is 122 (base 6) in base 12?
42
Convert 103 (base 9) to base 3.
10010
2 (base 10) to base 4
2
What is -25 (base 6) in base 4?
-101
10 (base 9) to base 7
12
Convert -6 (base 15) to base 8.
-6
What is a (base 12) in base 13?
a
What is 1212 (base 3) in base 6?
122
101 (base 2) to base 13
5
-11 (base 15) to base 12
-14
1 (base 9) to base 3
1
-2e (base 15) to base 11
-40
0 (base 4) to base 11
0
What is 6 (base 14) in base 11?
6
What is 32 (base 14) in base 9?
48
Convert -1 (base 14) to base 4.
-1
What is 2 (base 14) in base 9?
2
Convert 84 (base 9) to base 14.
56
-10a (base 11) to base 13
-a1
Convert 30 (base 5) to base 6.
23
Convert -555 (base 7) to base 3.
-101120
What is 158 (base 10) in base 14?
b4
33 (base 11) to base 2
100100
What is 71 (base 13) in base 6?
232
Convert -205 (base 7) to base 12.
-87
What is -2 (base 10) in base 16?
-2
What is 0 (base 3) in base 9?
0
Convert -6 (base 15) to base 6.
-10
-3a (base 14) to base 12
-44
Convert -b3 (base 14) to base 6.
-421
Convert -84 (base 13) to base 10.
-108
Convert 3 (base 6) to base 16.
3
Convert 2 (base 16) to base 5.
2
Convert 124 (base 7) to base 3.
2111
What is 5 (base 10) in base 3?
12
-ea (base 15) to base 14
-11a
What is -26 (base 16) in base 6?
-102
What is 11111010 (base 2) in base 16?
fa
What is 7 (base 16) in base 14?
7
What is -13 (base 5) in base 3?
-22
-65 (base 10) to base 4
-1001
Convert -1110001 (base 2) to base 8.
-161
-11 (base 14) to base 2
-1111
7 (base 11) to base 13
7
What is 12 (base 13) in base 8?
17
What is e (base 16) in base 5?
24
What is 2 (base 16) in base 6?
2
Convert 1 (base 7) to base 4.
1
What is -11 (base 8) in base 13?
-9
What is -100 (base 2) in base 12?
-4
Convert 0 (base 15) to base 3.
0
Convert 130 (base 10) to base 4.
2002
Convert -140 (base 7) to base 14.
-57
22 (base 12) to base 3
222
Convert 1 (base 16) to base 5.
1
What is 7 (base 16) in base 13?
7
What is 7 (base 15) in base 13?
7
Convert -10222 (base 3) to base 8.
-153
What is -64 (base 12) in base 15?
-51
Convert -3c (base 15) to base 8.
-71
What is -101001 (base 2) in base 4?
-221
Convert 133 (base 9) to base 5.
421
Convert 332 (base 4) to base 2.
111110
-10 (base 13) to base 4
-31
Convert 20 (base 3) to base 13.
6
What is -53 (base 16) in base 7?
-146
What is -73 (base 14) in base 5?
-401
Convert -17 (base 9) to base 4.
-100
Convert 113 (base 12) to base 3.
12220
Convert -46 (base 12) to base 13.
-42
Convert -1 (base 10) to base 7.
-1
What is -111 (base 3) in base 4?
-31
-4 (base 13) to base 16
-4
-12 (base 4) to base 8
-6
What is 100010 (base 2) in base 11?
31
What is -1 (base 7) in base 15?
-1
-30 (base 7) to base 3
-210
What is 20000 (base 3) in base 9?
200
-4 (base 9) to base 3
-11
What is 62 (base 12) in base 10?
74
10 (base 14) to base 4
32
What is -1 (base 11) in base 12?
-1
What is 2 (base 15) in base 11?
2
201 (base 3) to base 5
34
-40 (base 11) to base 15
-2e
Convert -68 (base 9) to base 8.
-76
29 (base 14) to base 12
31
14 (base 16) to base 15
15
What is 2 (base 16) in base 3?
2
7 (base 9) to base 10
7
138 (base 11) to base 6
430
0 (base 10) to base 6
0
-1 (base 3) to base 2
-1
What is -334 (base 7) in base 13?
-103
Convert 3 (base 9) to base 10.
3
What is -3 (base 7) in base 2?
-11
-15 (base 14) to base 6
-31
-11110 (base 2) to base 16
-1e
What is 22 (base 3) in base 9?
8
What is 4b (base 13) in base 9?
70
-2 (base 9) to base 7
-2
What is 0 (base 12) in base 3?
0
Convert 22 (base 5) to base 15.
c
What is 1 (base 3) in base 5?
1
What is 2 (base 8) in base 15?
2
Convert 2 (base 13) to base 4.
2
What is 1 (base 8) in base 12?
1
What is 133 (base 6) in base 13?
45
2 (base 15) to base 6
2
-12 (base 9) to base 13
-b
What is -1d (base 14) in base 5?
-102
What is 12 (base 5) in base 3?
21
488 (base 9) to base 4
12110
What is -e8 (base 16) in base 10